60 is divided by (-1 - (-50 + 1)) + -11 + 9?
30
Let o be (0 + -1 + -779)*2/(-5). Suppose -o*u = -314*u + 16. Suppose -2*v - 13 = -3*v. Calculate the remainder when v is divided by u.
5
Suppose 158 = 18*d - 544. Let h = 127 + 19. What is the remainder when h is divided by d?
29
Suppose 0 = i - 3*m - m + 35, 0 = -3*i + 5*m - 77. Let l be 0 - -1 - (i + 1)/(-2). Let d(u) = u**2 + 8*u + 8. What is the remainder when 26 is divided by d(l)?
2
Let u(m) = -41*m. Suppose 88 = 1552*v - 1548*v. What is the remainder when u(-1) is divided by v?
19
Let b(o) = o**2 - 5*o - 11. Let k be b(-6). Let a = k - 50. Suppose a*g - 1078 = -5*x - 393, -4*x - 5*g = -551. Calculate the remainder when x is divided by 15.
14
Suppose -10 - 35 = -15*d. Suppose -2*u = -d*y - 2*y - 287, 5*u - 752 = y. Calculate the remainder when u is divided by 38.
37
Let b = 18454 - 18022. Calculate the remainder when 1301 is divided by b.
5
Suppose 5*j = 216 + 254. Calculate the remainder when j is divided by 6 + 17/(68/112).
26
Suppose 5*p - 80 = -3*r, -5*r = 5*p - 0*p - 70. Suppose 2*c = -4*y + 2, c = 4*y + 1 + 12. What is the remainder when y + 1 + 3 + 53 is divided by p?
17
Suppose 5*q - 136 = -3*s - 58, s = 1. Calculate the remainder when 873 is divided by q.
3
Let j(d) = 20*d**3 - 5*d**2 - 17*d + 108. What is the remainder when j(5) is divided by 479?
3
Let k = -989 + 1268. Suppose 10*t + 3*f + 17 = 11*t, 0 = 2*t + 4*f - 44. Calculate the remainder when k is divided by t.
19
Suppose 3*w - 31 = 4*g, -13*w + 4*g = -15*w + 34. Suppose 3*c - 4*s - 685 = 0, 3 = s + 1. What is the remainder when c is divided by w?
10
Let p(a) be the third derivative of a**5/30 - a**4/24 - 5*a**3/6 + 2*a**2 + 25. Calculate the remainder when p(-12) is divided by 15.
10
Let a(q) = 2*q**2 - 41*q - 106. What is the remainder when 165 is divided by a(24)?
41
Let z(x) = 11 - 17 - 3 - 22 + 17*x. Let r be z(4). Let j = -22 + r. What is the remainder when 58 is divided by j?
13
Let x = 4989 - 4400. Calculate the remainder when x is divided by 291.
7
Suppose 21*r = -r + 546 + 1192. Calculate the remainder when r is divided by 24.
7
Let c = 70 - -52. Let h = 117 + -105. Suppose -4*b + 5*z = h - 111, z + 119 = 4*b. What is the remainder when c is divided by b?
29
Let k = -2547 - -2583. What is the remainder when 96 is divided by k?
24
What is the remainder when 672 is divided by (-12)/7*-7 + 24?
24
Suppose -3*i + 1322 = 4*q, -4*i + 2022 = 4*q + 254. What is the remainder when i is divided by 55?
6
Let u be 6/(-9) - (-164)/(-6). Let o = -4 - u. Let q = -2523 - -2617. What is the remainder when q is divided by o?
22
Let j = -2112 - 2100. Calculate the remainder when 63 is divided by (-8)/(-6)*j/(-144).
24
Calculate the remainder when 169 is divided by (-424)/6*18*(-7)/168.
10
Let p = 446 + -323. Calculate the remainder when 450 is divided by 3*p/27*3.
40
Suppose 3*c - 54 = -2*n, -16*n = -19*n + 2*c + 42. What is the remainder when 425 is divided by n?
11
Let d = -214 + 217. Suppose 4*q = 2*o + 80, q + 5*o = -d*q + 52. Calculate the remainder when q is divided by 11.
7
Let d be -2*((-22)/4 + 5). Suppose -d = 36*g - 39*g - f, 3*g - 31 = 5*f. Suppose 0 = -0*t - t + 2. What is the remainder when t is divided by g?
0
Suppose -22 = -0*r - r - 4*p, 5*p = 5*r - 10. Suppose 12035*z + 705 = 12040*z - 5*x, -3*z + 2*x = -416. What is the remainder when z is divided by r?
2
Let n be (-18)/45 - 136/10. Let y(l) = 3*l + 74. What is the remainder when 159 is divided by y(n)?
31
Let k(c) = -c**2 + 93*c + 1731. Calculate the remainder when k(99) is divided by 73.
42
Let i = -21039 - -21223. Calculate the remainder when 12141 is divided by i.
181
Suppose -3*r + 5*i = -162, 44*i = -r + 40*i + 71. What is the remainder when 7196 is divided by r?
57
Let b(v) = -7*v**3 + 5*v**2 + 11*v - 7. Let q(n) = -n**3 + n**2 + 2*n - 1. Let l(s) = 5*b(s) - 30*q(s). What is the remainder when 112 is divided by l(-2)?
12
Let a = 691 + -1244. Let q = a + 749. What is the remainder when q is divided by 61?
13
Let m be 1/(13/6 + -2). Suppose 12 = 6*w - m. Suppose 4*r = -3*b + 168 - 16, w*b = 0. Calculate the remainder when r is divided by 13.
12
Let a = -42993 - -47372. What is the remainder when a is divided by 244?
231
Let q = 41582 + -39911. What is the remainder when q is divided by 417?
3
Suppose -2*i = 3*i - 10, -k = -i - 284. Let v(b) = 1427*b + 42869. Calculate the remainder when k is divided by v(-30).
50
What is the remainder when 1133 is divided by -5*60/(-75)*281?
9
Suppose 17 = 5*p - 98. Let v be (-11)/(-275)*10 + 2798/5. Let m = 674 - v. Calculate the remainder when m is divided by p.
22
Suppose 63*n - 1134 = 42*n. Suppose 0 = n*j - 1106 - 28. Calculate the remainder when (-1 - -123)*(-1)/(-2) is divided by j.
19
Let l(d) = d**3 + 8*d**2 - 2*d. Calculate the remainder when ((-27)/6*2)/(2/(-38)) is divided by l(-8).
11
Let w be 0 + 4 + 140 + (-15)/(-5). Let p = w - 123. What is the remainder when 311 is divided by p?
23
Suppose 6*y + 64 = 2*y - 2*w, 0 = -y - 2*w - 19. Let j = 15 - y. Let n = 6459 - 6281. What is the remainder when n is divided by j?
28
Suppose 0 = -2*a + 1 + 235. Suppose 0 = 71*n - 64*n - 84. What is the remainder when a is divided by n?
10
Let o(r) = 415*r**3 + 2491*r**2 + 10*r + 28. Let u be -1 + (0 + -1)*34. Let c = 50 + u. What is the remainder when c is divided by o(-6)?
3
Let w(t) = -t**2 + 8*t - 11. Let b be w(4). Suppose 0 = 2*g + 4*v + 6, 0*g - 2*g + b*v = -12. Calculate the remainder when (-3)/g - (1 + -29) is divided by 9.
7
Let i = -9797 + 9915. What is the remainder when 418 is divided by i?
64
Let w(i) = -6*i**3 - 18*i**2 + i - 16. Let g be w(-5). What is the remainder when 7/(-2)*(-3 - g/21) is divided by 32?
25
Let n = 43 - 38. Suppose 4*f - 52 = -n*r + 7*r, -4*r - 14 = -2*f. Calculate the remainder when f is divided by 4.
3
Calculate the remainder when (((-103432)/(-20))/14)/(3/15) is divided by 920.
7
Let c(t) = t + 7. Let p be c(-4). Suppose -10 = -5*b - 5*g, 3*b + p*g - 10 = -b. Calculate the remainder when 37 is divided by b.
1
Let k(q) = q**3 - 19*q**2 + 33*q + 32. Let h be k(17). Suppose 5*z - m = 330, -6*m - h = -3*m. Calculate the remainder when z is divided by 33.
32
Suppose 0 = -9*l + 13*l, 5*z - 10 = 4*l. What is the remainder when (2 - 15/5)*-2 is divided by z?
0
Let i(m) = m**3 - 51*m**2 + 556*m + 150. Let h be 8/(-1)*-5*4. Suppose h = 6*r - r. What is the remainder when r is divided by i(35)?
2
Suppose -14*o + 34 = -12*o - 2*s, -2*s = -4*o + 64. Suppose -2*y = c - 139, 12*y + c = o*y - 206. Calculate the remainder when y is divided by 19.
12
Suppose 6*o = -a + o - 12, -15 = 2*a + o. Let d(r) = -3*r**2 - 24*r - 9. Calculate the remainder when 190 is divided by d(a).
10
Suppose 7*k - 234 - 263 = -4*h, k - 3*h = 71. Calculate the remainder when (0 - 1 - 0) + 142 is divided by k.
70
Let z = -16862 - -18094. What is the remainder when z is divided by 237?
47
Suppose -1718 = -6*u + 826. Let m = 492 - u. Calculate the remainder when m is divided by 38.
30
Let a = -11932 + 14253. Calculate the remainder when a is divided by 53.
42
What is the remainder when 936/2860*11*(-3)/(18/(-970)) is divided by 4/(-18) + 706/18?
36
Let d = 8802 + -8427. Calculate the remainder when 925 is divided by d.
175
Let q(t) = -2*t**3 - 4*t**2 + 1. Suppose -167*o + 162*o = -2*x - 1112, 3*o = -x + 665. Calculate the remainder when o is divided by q(-3).
13
Let q(u) = -134*u - 20. Let a be q(1). Let p = a - -218. Calculate the remainder when p is divided by 38.
26
Let y = -193 + 193. Suppose h - 4*l - 27 = y, h - l + 90 = 3*h. What is the remainder when 558 is divided by h?
42
Suppose 0 = 53*b - 97 - 1175. Let q = -4 - 3. Let h(x) = x**3 + 7*x**2 - 2*x - 5. What is the remainder when b is divided by h(q)?
6
Let z(i) = i**2 + 10*i + 52. Suppose -5*a - 5*k = 20, -2*k + 32 = a - 4*a. Let q = 47 + -28. What is the remainder when z(a) is divided by q?
17
Suppose 5*v + 4*x = 85, -67 = 8*v - 10*v + 5*x. What is the remainder when 76 is divided by v?
13
Suppose 23*q = 14*q + 193*q - 2925048. Calculate the remainder when q is divided by 53.
50
Let w(g) = -2*g**3 - 8*g**2 + 11*g + 10. Let i(h) = 11*h - 60. Let q be i(5). Calculate the remainder when 12 is divided by w(q).
2
Suppose -33*c + 3156 + 696 = -24*c. What is the remainder when c